= 0, -4*o + 5*c + 15 = -h. Suppose 3*g - 62 = -3*q - g, q = -o*g + 24. What are the prime factors of q?
2, 7
Let c(k) be the third derivative of -k**3 + 0*k - 7/8*k**4 + 6*k**2 + 0. What are the prime factors of c(-3)?
3, 19
Let x be (-8)/24 + (-1)/(-3). Let i = 2 - x. List the prime factors of (41/(-2))/(i/(-4)).
41
Suppose 18*c - 4585 = 2741. What are the prime factors of c?
11, 37
Let y(n) = -9*n**3 + 9*n**2 + 10*n + 1. What are the prime factors of y(-3)?
5, 59
Let r be 1413/36 - (-3)/4. Let a be (2 - 12/8)*r. Let f = a - 8. What are the prime factors of f?
2, 3
Let o(g) = 2*g**3 - 5*g**2 - 28*g - 16. What are the prime factors of o(8)?
2, 29
Let x(y) = -y**3 - 10*y**2 + y + 12. Let z be x(-10). Suppose z*n + 2 + 20 = 4*l, 2*n - 14 = -5*l. Suppose -l = 2*f - 18. What are the prime factors of f?
7
Let u(l) = 6 + 1 + l**2 + 7*l - 1 - l. Suppose -4*f + 20 = -2*v, 0*f + 2*f = -2*v - 8. List the prime factors of u(v).
2, 3
Suppose 10*l - 9*l - 227 = 0. Suppose i + l = 2*z + 88, -4*z + 5*i = -263. List the prime factors of z.
2, 3
Suppose 3*h + 479 = h + 5*o, h = -o - 222. Let a = -153 - h. What are the prime factors of a?
2, 37
Suppose 0 = 8*u - 4*u - 700. Suppose -5*g + 163 = 2*q, 3*g - u + 10 = -2*q. List the prime factors of q.
2, 3, 7
Let m(v) = 2227*v**3 - 2*v**2 - v - 2. List the prime factors of m(1).
2, 11, 101
Let o be (-6)/(-4)*-2 - -5. Suppose 0 = -o*s + 4*s - 222. What are the prime factors of s?
3, 37
Let x(l) = l**2 + l - 1. Let u be x(-2). Let d(t) = 17*t + 25 - 34 + 8. What are the prime factors of d(u)?
2
Let c = 30 - 27. Suppose 18 = c*v - 2*t + 5*t, -2*v = -4*t. What are the prime factors of -5*(v + 0 + -5)?
5
Suppose 8 + 2 = 2*s. Let y be 115 + (s - (5 + -2)). Suppose -4*a = -2*i - 122, -3*i - y + 27 = -3*a. What are the prime factors of a?
31
List the prime factors of ((-6)/24)/((9/13620)/(-3)).
5, 227
Suppose 0 = 23*t - 13998 - 20939. List the prime factors of t.
7, 31
Let p(x) = -68*x + 22. List the prime factors of p(-12).
2, 419
Let t(a) = -a**3 - 15*a**2 + 8*a + 14. Let u(q) = -q**3 - 14*q**2 + 8*q + 14. Let l(s) = 3*t(s) - 4*u(s). What are the prime factors of l(-11)?
2, 37
What are the prime factors of 169/((-12)/18 - -1)?
3, 13
Let k(d) be the third derivative of -1/60*d**5 + 0 + 4*d**2 - 11/24*d**4 - 7/6*d**3 + 0*d. What are the prime factors of k(-4)?
3, 7
Let c(f) = f**3 - 8*f**2 - 9*f + 6. Let y be c(9). Let v be 4*(y/(-4) - -3). Suppose -2*w = -v, -r - 2*r + 105 = 4*w. What are the prime factors of r?
31
Suppose 9*x + 50 = -445. Let t = x - -109. What are the prime factors of t?
2, 3
Let a(b) = -b**3 + 3*b**2 - 3*b. Let u be a(2). List the prime factors of (u + 1)/(8/(-392)).
7
What are the prime factors of 6/22 - 0 - 213138/(-33)?
3, 2153
List the prime factors of 2/3*1701/14 - 4.
7, 11
Let r(x) = 3*x + 24. Let l be r(-8). Suppose -45 = -h - 0*z - 4*z, l = -4*h - 3*z + 167. List the prime factors of h.
41
Let i(b) = -2*b + 2. Let t(y) = -y**3 + 1. Let l be t(-1). Suppose 4*z - 3*u = -9, 2*u - 12 = l*z - 2*u. List the prime factors of i(z).
2
Suppose -783 = -3*c - 3*g, -g - 1067 = -5*c + 220. List the prime factors of c.
2, 3, 43
What are the prime factors of (-1 - 96)/((-34)/136)?
2, 97
Let t = 86 - 40. Let o = t + 43. What are the prime factors of o?
89
What are the prime factors of 27 - 24 - (1 + 285)*-2?
5, 23
Suppose 0 = -b + 2, 0 = -2*r + b + 5 + 5. Suppose z = -i, 0 = 4*i - i + r. Suppose -6*h + 104 = -z*h. What are the prime factors of h?
2, 13
Let d(g) = -21*g**2 - 2*g - 1. Let f be d(-1). Let v = 30 + f. What are the prime factors of v?
2, 5
Suppose -4*h + 14 = 2, -3*x + 9 = h. Suppose 21 = -3*n - 3*f, -n + 2 = -f - 1. List the prime factors of (1/n)/(x/(-84)).
3, 7
Let v(d) = 11*d + 20. Let y be v(6). Suppose 8*s - 10 = y. Suppose 3*p - s = -3*p. What are the prime factors of p?
2
Suppose 0*w + 2*w = -2. Let g be (w/(-3))/(2/(-138)). Let q = g + 38. List the prime factors of q.
3, 5
Let w(r) = r - 37. Let m be w(6). Let a = 4 - m. What are the prime factors of a?
5, 7
Let q(x) = -x**3 - 7*x**2 + 7*x - 2. Suppose 0 = -2*h + h + 5*s + 9, 135 = 5*h + 5*s. Suppose -h + 0 = 3*l. What are the prime factors of q(l)?
2, 3
Let j be ((-9)/(-10))/(-9)*6*-5. Suppose 275 = j*z + 4*x, -3*x = -3*z - 2*z + 468. List the prime factors of z.
3, 31
Let n = 1991 - -212. What are the prime factors of n?
2203
Suppose -4*v + 9736 = 4*l, l - 1082 = 2*v + 1358. What are the prime factors of l?
2, 3, 7, 29
Let j(b) = -4*b**3 - 24*b**2 + 26*b - 5. Let v(f) = 5*f**3 + 25*f**2 - 26*f + 4. Let g(a) = -4*j(a) - 3*v(a). What are the prime factors of g(-22)?
2, 3
Suppose 0 = 5*f - 444 - 11. Suppose -7*g + f = -105. List the prime factors of g.
2, 7
Let j(i) = 2*i**2 + 49*i + 176. List the prime factors of j(18).
2, 853
Let l(j) = 2*j - 2*j + 2 + 3*j. Let i(r) = -5*r - 38. Let a be i(-8). List the prime factors of l(a).
2
What are the prime factors of (3 - -2) + 11/(44/1280)?
5, 13
What are the prime factors of ((-4)/10*79)/((-16)/200)?
5, 79
Let y(u) = -3*u**3 - 3*u**2. Let s be y(-3). Suppose 0 = -s*k + 59*k. Suppose 178 = 3*c + 5*r, k = c - r - r - 52. List the prime factors of c.
2, 7
Let v be -2 - -9 - (-1 + 5). Suppose 0 = -v*x + 109 - 10. Let u = 67 - x. What are the prime factors of u?
2, 17
Suppose 4*b = -4*d - 7 + 27, 4*b + 15 = 3*d. Suppose 5*k = v + 151, b*k - 313 = 2*v + k. What are the prime factors of -1*(v/(-4))/(-3)?
13
Suppose -10*x - 2*k = -7*x - 16424, -x - 5*k = -5466. List the prime factors of x.
2, 37
Let d be -1 + -2 + 5 - 0. Suppose 4*c - 703 = r, -c - d*c - r = -529. List the prime factors of c.
2, 11
Let h(d) = -d**3 - 5*d**2 + 3*d + 6. Let o be h(-4). Let v be (-2)/(-4) + (-495)/o. Let p = v + -14. What are the prime factors of p?
3
Suppose -6*z + z = -3*i + 25, 2*i = -5*z. List the prime factors of (-7)/(-21)*z*(1 - 142).
2, 47
Suppose 14153 = 4*v - 83. List the prime factors of v.
3559
Let n(j) = j - 11. Let f(s) = -2*s + 12. Let h(m) = 3*f(m) + 4*n(m). Let r be h(-6). What are the prime factors of 4/2*58/r?
29
Suppose -4*c + 1062 = -0*c - 5*w, -4*w = -3*c + 797. What are the prime factors of c?
263
Suppose 20*a - 2626 = 7*a. List the prime factors of a.
2, 101
Let k(l) = l**3 + 34*l**2 - 13*l - 32. List the prime factors of k(-34).
2, 5, 41
Suppose 5*c - c - 4 = 0. What are the prime factors of (2/(-8))/(c/(-36))?
3
Let g = -47 + 33. List the prime factors of (-4)/g + (-6980)/(-70).
2, 5
Let c = 89 + -138. Let s(x) = -12*x + 1. Let q be s(7). Let n = c - q. List the prime factors of n.
2, 17
Let y be 18/4 - (-8)/16. Suppose -24 = -y*f + 146. What are the prime factors of f?
2, 17
List the prime factors of (61/(-1))/((-22)/264).
2, 3, 61
Let u be 6/10 + (-18)/30. Suppose -4*k = -a - 3*k + 93, 2*a + 4*k - 186 = u. List the prime factors of a.
3, 31
Let v = -711 + 1207. List the prime factors of v.
2, 31
Suppose -47*q + 49*q = 198. List the prime factors of q.
3, 11
Let p = 1366 + -766. What are the prime factors of p?
2, 3, 5
Suppose 0 = a + 2*a + 6. Let v be -3*(a + 1)/(-1). What are the prime factors of 2 - ((-45)/(-3))/v?
7
Suppose b + 2*r = 4*b - 88, -5*r + 180 = 5*b. Suppose 4*q + 36 = 4*c, -5*c = 4*q - 0*q - 9. List the prime factors of (b/(-20))/(q/130).
2, 13
Let c(m) = -4*m**3 - 12*m**2 - 4*m - 19. Let n(u) = -7*u**3 - 25*u**2 - 9*u - 37. Let v(d) = 5*c(d) - 3*n(d). What are the prime factors of v(-14)?
2, 3, 19
Suppose -1600 = -6*y + 476. List the prime factors of y.
2, 173
Let z(l) = 9*l + 2. Let r be z(4). Let u(n) = n**2 - n + 1. Let v be u(-2). Suppose -v*b + r = -5*b. List the prime factors of b.
19
Let a be -2*(3 + (1 - 42)). Let y(i) = -i**3 - 11*i**2 - 7*i - 11. Let n be y(-10). Let h = a + n. What are the prime factors of h?
5, 7
Suppose -8 = -2*v, 0 = -2*d - d + v + 38. Suppose 20 = 3*i - z, 0*z + d = i - 4*z. Suppose 3*b + 141 = 5*l + i*b, -2*l + 48 = -3*b. List the prime factors of l.
3
Let a(y) = -8*y + 20. Suppose 69 = 4*f - 4*g + 25, -53 = -5*f + 3*g. Let m be a(f). Let s = 104 + m. What are the prime factors of s?
2, 11
Suppose 0 = -r + 3*b + 74, 3 - 7 = 4*b. Let i = 20 - r. Let z = i + 83. List the prime factors of z.
2
Suppose 2*h - 2 + 6 = 0. Let b be (-8)/10 + h/10. What are the prime factors of (-1)/(1/2 + b)?
2
Suppose -19*a = -16*a - 4*f - 9650, -a - 3*f = -3208. List